actors of 5899807.
5899807
List the prime factors of 14420287.
7, 23, 89567
List the prime factors of 436519.
113, 3863
What are the prime factors of 736625?
5, 71, 83
What are the prime factors of 14440?
2, 5, 19
List the prime factors of 325531.
31, 10501
List the prime factors of 10341127.
10341127
What are the prime factors of 538380?
2, 3, 5, 997
List the prime factors of 449736.
2, 3, 7, 2677
What are the prime factors of 16030840?
2, 5, 7, 8179
What are the prime factors of 2970487?
13, 83, 2753
What are the prime factors of 7460830?
2, 5, 13, 29, 1979
What are the prime factors of 15357791?
29, 529579
List the prime factors of 518212.
2, 129553
What are the prime factors of 2558163?
3, 47, 18143
List the prime factors of 5283832.
2, 449, 1471
List the prime factors of 101080.
2, 5, 7, 19
List the prime factors of 86422.
2, 7, 6173
List the prime factors of 23037766.
2, 19, 23, 43, 613
What are the prime factors of 304151?
304151
What are the prime factors of 9084756?
2, 3, 757063
What are the prime factors of 14623075?
5, 584923
List the prime factors of 991277.
7, 23, 47, 131
List the prime factors of 18497872.
2, 541, 2137
List the prime factors of 8599786.
2, 13, 353, 937
What are the prime factors of 22428226?
2, 11214113
List the prime factors of 389945.
5, 167, 467
What are the prime factors of 10599204?
2, 3, 7, 11, 11471
What are the prime factors of 697290?
2, 3, 5, 11, 2113
List the prime factors of 10388168.
2, 7, 103, 1801
What are the prime factors of 7294631?
29, 251539
What are the prime factors of 826370?
2, 5, 17, 4861
List the prime factors of 160269.
3, 41, 1303
What are the prime factors of 1149075?
3, 5, 5107
What are the prime factors of 7220955?
3, 5, 7, 68771
List the prime factors of 14178876.
2, 3, 1181573
List the prime factors of 721262.
2, 47, 7673
List the prime factors of 34476779.
1321, 26099
What are the prime factors of 745976?
2, 7, 11, 173
What are the prime factors of 62981?
62981
List the prime factors of 287112.
2, 3, 7, 1709
List the prime factors of 302640.
2, 3, 5, 13, 97
List the prime factors of 934781.
19, 49199
What are the prime factors of 5289565?
5, 103, 10271
What are the prime factors of 1310962?
2, 19, 34499
List the prime factors of 758066.
2, 379033
List the prime factors of 4296034.
2, 113, 19009
What are the prime factors of 26861?
26861
List the prime factors of 29647793.
7, 151, 4007
What are the prime factors of 8799154?
2, 7, 13, 3719
List the prime factors of 1788623.
1788623
List the prime factors of 8374723.
7, 43, 27823
List the prime factors of 131014.
2, 13, 5039
What are the prime factors of 16688438?
2, 13, 641863
What are the prime factors of 201131?
7, 59, 487
What are the prime factors of 235111?
235111
What are the prime factors of 4168322?
2, 31, 67231
What are the prime factors of 162262?
2, 81131
List the prime factors of 2770506.
2, 3, 149, 1033
What are the prime factors of 279833?
233, 1201
List the prime factors of 9999956.
2, 2499989
List the prime factors of 3280249.
7, 97, 4831
What are the prime factors of 91434?
2, 3, 7, 311
What are the prime factors of 724589?
293, 2473
What are the prime factors of 9482153?
9482153
List the prime factors of 41018896.
2, 137, 18713
What are the prime factors of 477372?
2, 3, 7, 5683
List the prime factors of 11360464.
2, 47, 15107
List the prime factors of 439762.
2, 219881
List the prime factors of 1372437.
3, 11, 4621
List the prime factors of 1317957.
3, 67, 79, 83
What are the prime factors of 264703?
151, 1753
List the prime factors of 146648.
2, 23, 797
List the prime factors of 87778.
2, 43889
List the prime factors of 7022111.
41, 171271
What are the prime factors of 198266?
2, 99133
What are the prime factors of 854007?
3, 7, 11, 3697
What are the prime factors of 624683?
624683
What are the prime factors of 2247036?
2, 3, 11, 29, 587
List the prime factors of 9361023.
3, 7, 23, 19381
List the prime factors of 9130951.
509, 17939
What are the prime factors of 8265864?
2, 3, 283, 1217
List the prime factors of 335280.
2, 3, 5, 11, 127
List the prime factors of 497789.
23, 941
What are the prime factors of 209350?
2, 5, 53, 79
List the prime factors of 728772.
2, 3, 11, 5521
List the prime factors of 2278100.
2, 5, 11, 19, 109
What are the prime factors of 206227?
7, 17, 1733
What are the prime factors of 963328?
2, 53, 71
What are the prime factors of 4628942?
2, 251, 9221
What are the prime factors of 2432115?
3, 5, 7, 1103
What are the prime factors of 670093?
163, 4111
List the prime factors of 248970.
2, 3, 5, 43, 193
What are the prime factors of 85119?
3, 17, 1669
List the prime factors of 5547996.
2, 3, 154111
List the prime factors of 214297.
214297
List the prime factors of 41821.
13, 3217
List the prime factors of 400446.
2, 3, 22247
List the prime factors of 15177384.
2, 3, 277, 761
What are the prime factors of 283306?
2, 141653
What are the prime factors of 8236124?
2, 13, 149, 1063
What are the prime factors of 5022835?
5, 1004567
List the prime factors of 115686.
2, 3, 6427
List the prime factors of 3048603.
3, 1016201
What are the prime factors of 477852?
2, 3, 39821
What are the prime factors of 248529?
3, 37, 2239
What are the prime factors of 202280?
2, 5, 13, 389
List the prime factors of 245992.
2, 97, 317
List the prime factors of 1933575.
3, 5, 7, 29, 127
List the prime factors of 1532270.
2, 5, 73, 2099
What are the prime factors of 5589060?
2, 3, 5, 93151
What are the prime factors of 65761?
65761
List the prime factors of 1641044.
2, 17, 24133
List the prime factors of 246091.
67, 3673
List the prime factors of 192853.
192853
What are the prime factors of 1256065?
5, 229, 1097
What are the prime factors of 1449918?
2, 3, 109, 739
List the prime factors of 631628.
2, 157907
List the prime factors of 329577.
3, 109859
What are the prime factors of 14714?
2, 7, 1051
List the prime factors of 3385690.
2, 5, 7, 11, 4397
What are the prime factors of 316147?
13, 83, 293
What are the prime factors of 6156349?
6156349
What are the prime factors of 2618678?
2, 1309339
List the prime factors of 183681.
3, 6803
List the prime factors of 3806305.
5, 761261
List the prime factors of 629331.
3, 31, 67, 101
What are the prime factors of 6021867?
3, 241, 8329
What are the prime factors of 174643?
7, 61, 409
What are the prime factors of 29905034?
2, 73, 257, 797
What are the prime factors of 4247928?
2, 3, 41, 1439
What are the prime factors of 2875100?
2, 5, 28751
What are the prime factors of 19138130?
2, 5, 11, 19, 9157
List the prime factors of 558706.
2, 279353
List the prime factors of 4900691.
701, 6991
List the prime factors of 3640729.
53, 73, 941
List the prime factors of 9362138.
2, 17, 275357
What are the prime factors of 307716?
2, 3, 25643
What are the prime factors of 25834581?
3, 1303, 2203
What are the prime factors of 2432989?
13, 17, 101, 109
What are the prime factors of 1249131?
3, 13, 32029
List the prime factors of 84971.
31, 2741
What are the prime factors of 2156369?
2156369
What are the prime factors of 13055754?
2, 3, 47, 67, 691
What are the prime factors of 4610979?
3, 170777
What are the prime factors of 4467616?
2, 149, 937
List the prime factors of 68659.
68659
List the prime factors of 1951056.
2, 3, 17, 797
List the prime factors of 95403.
3, 7, 11, 59
List the prime factors of 8059652.
2, 457, 4409
What are the prime factors of 683199?
3, 11, 67, 103
List the prime factors of 136238.
2, 17, 4007
List the prime factors of 217908.
2, 3, 6053
List the prime factors of 164415.
3, 5, 97, 113
List the prime factors of 2185454.
2, 103
What are the prime factors of 418448?
2, 26153
What are the prime factors of 15833798?
2, 23, 344213
What are the prime factors of 142515?
3, 5, 3167
What are the prime factors of 9235618?
2, 7, 13463
List the prime factors of 3460145.
5, 13, 53233
What are the prime factors of 304963?
17, 17939
List the prime factors of 1138807.
149, 7643
List the prime factors of 1580597.
31, 67, 761
What are the prime factors of 224807?
11, 107, 191
What are the prime factors of 1304940?
2, 3, 5, 7, 13, 239
List the prime factors of 14415994.
2, 7207997
List the prime factors of 174140.
2, 5, 8707
What are the prime factors of 1809241?
7, 131, 1973
Wh